e
Is 11246339 a composite number?
True
Is 110537809 a prime number?
True
Is 14287135 prime?
False
Is 171018457 prime?
False
Is 20921327 prime?
False
Is 115421 composite?
False
Is 30592061 a composite number?
True
Is 6954383 composite?
False
Is 664272911 composite?
True
Is 2277181 a composite number?
True
Is 168715969 a composite number?
False
Is 92177413 a prime number?
True
Is 332653 prime?
False
Is 2197574 composite?
True
Is 238757371 prime?
False
Is 8389571 composite?
True
Is 25801711 composite?
True
Is 43435167 a prime number?
False
Is 27858191 a composite number?
False
Is 3266579 composite?
False
Is 72943621 prime?
True
Is 90703693 a composite number?
False
Is 251601793 a prime number?
True
Is 2097383 prime?
True
Is 61052245 a composite number?
True
Is 18023909 prime?
True
Is 1002845 a composite number?
True
Is 5227979 prime?
True
Is 3336055 prime?
False
Is 1400449 composite?
False
Is 12828887 composite?
True
Is 40321081 a composite number?
True
Is 183772283 a composite number?
False
Is 12294167 a composite number?
True
Is 13001111 a composite number?
True
Is 1521479 a prime number?
True
Is 3292843 a prime number?
True
Is 44804117 a prime number?
False
Is 142904019 composite?
True
Is 23133899 composite?
False
Is 1601647 prime?
True
Is 1051943 a composite number?
True
Is 3777113 prime?
False
Is 395081 a prime number?
False
Is 2401339 a prime number?
True
Is 1344227 composite?
False
Is 36519313 prime?
True
Is 142868773 a prime number?
True
Is 236827861 a prime number?
False
Is 13635059 prime?
True
Is 18127807 a composite number?
False
Is 43127081 a prime number?
False
Is 98146777 a composite number?
False
Is 161732787 a composite number?
True
Is 1631411 composite?
True
Is 62820257 a composite number?
False
Is 9171889 composite?
True
Is 224154751 a composite number?
False
Is 3360983 a prime number?
True
Is 47547863 a composite number?
True
Is 1557079 a composite number?
False
Is 10348907 a prime number?
True
Is 25945501 a composite number?
False
Is 69179731 prime?
True
Is 8517023 a prime number?
True
Is 5134631 a composite number?
True
Is 1581109 composite?
True
Is 30258979 composite?
False
Is 242717 composite?
True
Is 1579609 a prime number?
True
Is 6113813 composite?
True
Is 21828385 composite?
True
Is 16624409 a prime number?
True
Is 3545929 a prime number?
True
Is 420601 prime?
False
Is 65767277 a prime number?
True
Is 6175619 a prime number?
True
Is 77664203 composite?
False
Is 598544927 a prime number?
False
Is 145459081 composite?
True
Is 91712174 a composite number?
True
Is 290836241 composite?
False
Is 12832681 a prime number?
False
Is 262261 composite?
False
Is 15799759 prime?
False
Is 321337 a composite number?
True
Is 513347 prime?
True
Is 29797 a prime number?
False
Is 236676779 a composite number?
False
Is 363926971 prime?
False
Is 1784137 prime?
True
Is 32933 composite?
False
Is 19340291 a prime number?
True
Is 72900299 composite?
False
Is 6002273 composite?
False
Is 11700793 a composite number?
True
Is 2543381 prime?
True
Is 19619693 prime?
False
Is 1168919 a prime number?
True
Is 5965397 prime?
True
Is 3936577 prime?
True
Is 3357239 composite?
False
Is 34946089 composite?
True
Is 14446291 composite?
False
Is 2783411 a prime number?
True
Is 17147147 prime?
True
Is 1202471 prime?
True
Is 35632237 a prime number?
False
Is 1778143 composite?
True
Is 82298179 prime?
True
Is 485765651 prime?
False
Is 1624471 a prime number?
True
Is 53575131 a composite number?
True
Is 66849607 a prime number?
False
Is 77822117 prime?
True
Is 22869443 prime?
True
Is 8412221 a composite number?
False
Is 123130129 a composite number?
False
Is 11919491 prime?
True
Is 12408287 prime?
False
Is 118346999 composite?
True
Is 50766927 prime?
False
Is 149689 composite?
False
Is 11900117 prime?
False
Is 409573 a prime number?
True
Is 1154207 composite?
False
Is 21179 a composite number?
False
Is 683317 prime?
True
Is 633718 prime?
False
Is 28755967 composite?
False
Is 20122079 composite?
True
Is 1779887 a composite number?
True
Is 3852413 a composite number?
True
Is 4347059 a prime number?
True
Is 11871973 prime?
True
Is 8886887 prime?
False
Is 50737627 prime?
True
Is 2753629 a composite number?
True
Is 9119567 a composite number?
False
Is 45995263 composite?
False
Is 11505031 a composite number?
True
Is 124633063 prime?
True
Is 3751763 composite?
True
Is 3809803 prime?
True
Is 61090171 a prime number?
True
Is 11315201 a composite number?
False
Is 7000459 composite?
False
Is 154213399 composite?
False
Is 298715114 prime?
False
Is 4003213 composite?
False
Is 1536437 prime?
False
Is 6989281 prime?
False
Is 382541 composite?
False
Is 26181443 a prime number?
False
Is 254045177 a composite number?
False
Is 1375786 composite?
True
Is 35597117 a composite number?
False
Is 31520183 prime?
False
Is 47170451 a composite number?
False
Is 872683843 prime?
True
Is 3865781 a prime number?
False
Is 89078663 prime?
False
Is 402354691 prime?
False
Is 1839589 a composite number?
False
Is 464314337 composite?
False
Is 192229 a prime number?
True
Is 1321027 a prime number?
False
Is 47343713 prime?
True
Is 72767867 composite?
False
Is 83337731 composite?
True
Is 7138217 composite?
False
Is 49282207 composite?
True
Is 8365579 composite?
True
Is 924997 composite?
False
Is 14432791 prime?
True
Is 1350067 prime?
False
Is 31017941 composite?
False
Is 35057733 composite?
True
Is 16403 a prime number?
False
Is 2702281 composite?
True
Is 737987 a composite number?
True
Is 7224757 composite?
True
Is 12086 a prime number?
False
Is 1505543 a composite number?
True
Is 77427217 prime?
False
Is 201396355 a composite number?
True
Is 17993111 a composite number?
True
Is 1889561 composite?
False
Is 1077017 a prime number?
True
Is 58320137 prime?
True
Is 4100963 prime?
True
Is 7989907 composite?
False
Is 620069 a prime number?
False
Is 977846569 composite?
True
Is 2238617 composite?
True
Is 312665 a composite number?
True
Is 43775009 composite?
False
Is 3680097 a prime number?
False
Is 73540177 composite?
True
Is 139543535 a composite number?
True
Is 3959819 a prime number?
True
Is 402991 a prime number?
True
Is 15015827 a composite number?
False
Is 20725387 a prime number?
True
Is 349543 a prime number?
False
Is 192737 a prime number?
True
Is 526441 a prime number?
True
Is 16850963 composite?
False
Is 3683307 a composite number?
True
Is 650911 a prime number?
True
Is 11957 prime?
False
Is 501858767 a composite number?
True
Is 114398063 a composite number?
True
Is 6585023 prime?
True
Is 31240595 a prime number?
False
Is 8595127 prime?
True
Is 15273697 a prime number?
False
Is 2828351 a composite number?
False
Is 1595647 composite?
False
Is 58023659 a composite number?
True
Is 10094963 a composite number?
True
Is 1429507 a prime number?
True
Is 113673947 a prime number?
True
Is 140144029 a prime number?
True
Is 2938451 a prime number?
True
Is 456272579 prime?
False
Is 25381463 prime?
True
Is 521824787 a composite number?
True
Is 37562073 a prime number?
False
Is 20476423 a prime number?
False
Is 1143433 composite?
False
Is 473089 a prime number?
True
Is 4523587 a prime number?
False
Is 54217687 a composite number?
False
Is 1074041 composite?
False
Is 58266177 a prime number?
False
Is 2365751 prime?
True
Is 318135643 composite?
True
Is 34261049 prime?
False
Is 19137467 composite?
True
Is 3984151 composite?
True
Is 42241763 a prime number?
True
Is 2755943 composite?
False
Is 57491471 prime?
False
Is 364993 composite?
False
Is 358976593 prime?
True
Is 164217037 a composite number?
False
Is 2870039 a composite number?
False
Is 77734577 a prime number?
False
Is 3335699 prime?
False
Is 163581787 a prime number?
False
Is 152879 composite?
False
Is 11299697 prime?
True
Is 67900499 a composite number?
True
Is 86311391 a composite number?
False
Is 105553477 composite?
False
Is 4131257 prime?
False
Is 5566757 prime?
False
Is 2977619 composite?
False
Is 268833083 prime?
False
Is 16862387 a composite number?
False
Is 17294894 a composite number?
True
Is 1823281 prime?
True
Is 1168301 composite?
False
Is 120716863 prime?
True
Is 178597709 a composite number?
False
Is 5416427 a composite number?
False
Is 135573973 prime?
True
Is 21765599 a prime number?
True
Is 417409667 prime?
False
Is 107912999 a prime nu